{"id":43,"date":"2015-05-08T18:48:17","date_gmt":"2015-05-08T16:48:17","guid":{"rendered":"http:\/\/serwer1383533.home.pl\/atom_wp\/?page_id=43"},"modified":"2015-05-08T18:48:17","modified_gmt":"2015-05-08T16:48:17","slug":"o-nas","status":"publish","type":"page","link":"https:\/\/atom-tech.pl\/index.php\/o-nas\/","title":{"rendered":"O NAS"},"content":{"rendered":"<p>[et_pb_section fb_built=&#8221;1&#8243; inner_shadow=&#8221;on&#8221; fullwidth=&#8221;on&#8221; custom_padding_last_edited=&#8221;on|desktop&#8221; _builder_version=&#8221;4.16&#8243; background_color=&#8221;#0a76a9&#8243; background_image=&#8221;https:\/\/www.atom-tech.pl\/wp-content\/uploads\/2015\/05\/menu_subpage.gif&#8221; custom_padding_tablet=&#8221;50px|0|50px|0&#8243; custom_padding_phone=&#8221;&#8221; transparent_background=&#8221;off&#8221; padding_mobile=&#8221;off&#8221; make_fullwidth=&#8221;off&#8221; use_custom_width=&#8221;off&#8221; width_unit=&#8221;on&#8221; global_colors_info=&#8221;{}&#8221;][et_pb_fullwidth_header title=&#8221;O nas&#8221; subhead=&#8221;Naszym celem jest realizowanie us\u0142ug informatycznych, kt\u00f3re jako\u015bci\u0105 i doborem kadry in\u017cynierskiej sprawiaj\u0105, \u017ce mo\u017cemy by\u0107 dla naszych Klient\u00f3w partnerami w drodze do realizacji swoich cel\u00f3w biznesowych.&#8221; content_max_width=&#8221;none&#8221; admin_label=&#8221;Nag\u0142\u00f3wek pe\u0142nej szeroko\u015bci&#8221; _builder_version=&#8221;4.16&#8243; background_color=&#8221;rgba(255, 255, 255, 0)&#8221; background_image=&#8221;http:\/\/www.atom-tech.pl\/wp-content\/uploads\/2015\/05\/menu_subpage.jpg&#8221; background_url=&#8221;http:\/\/www.atom-tech.pl\/wp-content\/uploads\/2015\/05\/menu_subpage.jpg&#8221; button_one_letter_spacing_hover=&#8221;0&#8243; button_two_letter_spacing_hover=&#8221;0&#8243; global_colors_info=&#8221;{}&#8221; button_one_text_size__hover_enabled=&#8221;off&#8221; button_two_text_size__hover_enabled=&#8221;off&#8221; button_one_text_color__hover_enabled=&#8221;off&#8221; button_two_text_color__hover_enabled=&#8221;off&#8221; button_one_border_width__hover_enabled=&#8221;off&#8221; button_two_border_width__hover_enabled=&#8221;off&#8221; button_one_border_color__hover_enabled=&#8221;off&#8221; button_two_border_color__hover_enabled=&#8221;off&#8221; button_one_border_radius__hover_enabled=&#8221;off&#8221; button_two_border_radius__hover_enabled=&#8221;off&#8221; button_one_letter_spacing__hover_enabled=&#8221;on&#8221; button_one_letter_spacing__hover=&#8221;0&#8243; button_two_letter_spacing__hover_enabled=&#8221;on&#8221; button_two_letter_spacing__hover=&#8221;0&#8243; button_one_bg_color__hover_enabled=&#8221;off&#8221; button_two_bg_color__hover_enabled=&#8221;off&#8221;][\/et_pb_fullwidth_header][\/et_pb_section][et_pb_section fb_built=&#8221;1&#8243; _builder_version=&#8221;4.16&#8243; background_color=&#8221;#ffffff&#8221; transparent_background=&#8221;off&#8221; global_colors_info=&#8221;{}&#8221;][et_pb_row column_structure=&#8221;2_3,1_3&#8243; _builder_version=&#8221;4.16&#8243; background_size=&#8221;initial&#8221; background_position=&#8221;top_left&#8221; background_repeat=&#8221;repeat&#8221; global_colors_info=&#8221;{}&#8221;][et_pb_column type=&#8221;2_3&#8243; _builder_version=&#8221;4.16&#8243; custom_padding=&#8221;|||&#8221; global_colors_info=&#8221;{}&#8221; custom_padding__hover=&#8221;|||&#8221;][et_pb_text admin_label=&#8221;Tekst&#8221; _builder_version=&#8221;4.25.2&#8243; background_size=&#8221;initial&#8221; background_position=&#8221;top_left&#8221; background_repeat=&#8221;repeat&#8221; global_colors_info=&#8221;{}&#8221;]<\/p>\n<p><span style=\"color: #0a76a9;\"><b>Atom-tech <\/b><\/span>dysponuje zespo\u0142em, kt\u00f3ry jest w stanie zrealizowa\u0107 najbardziej z\u0142o\u017cone projekty wymagaj\u0105ce zaawansowanej wiedzy i do\u015bwiadczenia. Cz\u0142onkowie zespo\u0142u brali udzia\u0142 w wielu wdro\u017ceniach i projektach prowadzonych w Polsce jak i poza jej granicami. Ich wysokie kwalifikacje potwierdzaj\u0105 autoryzacje i certyfikaty \u015bwiatowych lider\u00f3w bran\u017cy IT.<\/p>\n<p><b>Gwarantuje to Klientom wysoki poziom realizacji ich projekt\u00f3w.<\/b><\/p>\n<p><span style=\"color: #0a76a9;\"><b>Atom-tech<\/b><\/span> ka\u017cdy projekt traktuje indywidualnie i na \u017cyczenie Klienta poprzedzany jest badaniami, analizami oraz audytami optymalizuj\u0105cymi cykl projektowania oraz wdra\u017cania oferowanych rozwi\u0105za\u0144. Dzi\u0119ki takiemu podej\u015bciu Klienci otrzymuj\u0105 us\u0142ug\u0119, kt\u00f3ra w znacz\u0105cy spos\u00f3b r\u00f3\u017cni si\u0119 od gotowych rozwi\u0105za\u0144 dost\u0119pnych na rynku. Jest &#8222;uszyta na miar\u0119&#8221; i zoptymalizowana pod wzgl\u0119dem potrzeb oraz za\u0142o\u017ce\u0144 biznesowych i technicznych klienta.<\/p>\n<p><span style=\"color: #0a76a9;\"><b>Atom-tech<\/b><\/span> specjalizuje si\u0119 w realizacji dedykowanych rozwi\u0105za\u0144, gdzie wymagane s\u0105 najnowsze technologie, takie jak konteneryzacja, IaC, wirtualizacja, proaktywny monitoring, dynamiczne zarz\u0105dzanie konfiguracj\u0105 czy budowa rozwi\u0105za\u0144 typu private cloud.<\/p>\n<p>Naszym celem jest realizowanie us\u0142ug informatycznych, kt\u00f3re jako\u015bci\u0105 i doborem kadry in\u017cynierskiej sprawiaj\u0105, \u017ce mo\u017cemy by\u0107 dla naszych Klient\u00f3w partnerami w drodze do realizacji swoich cel\u00f3w biznesowych.<\/p>\n<p>[\/et_pb_text][\/et_pb_column][et_pb_column type=&#8221;1_3&#8243; _builder_version=&#8221;4.16&#8243; custom_padding=&#8221;|||&#8221; global_colors_info=&#8221;{}&#8221; custom_padding__hover=&#8221;|||&#8221;][et_pb_text admin_label=&#8221;Tekst&#8221; _builder_version=&#8221;4.27.4&#8243; background_size=&#8221;initial&#8221; background_position=&#8221;top_left&#8221; background_repeat=&#8221;repeat&#8221; hover_enabled=&#8221;0&#8243; use_border_color=&#8221;off&#8221; border_color=&#8221;#ffffff&#8221; border_style=&#8221;solid&#8221; global_colors_info=&#8221;{}&#8221; sticky_enabled=&#8221;0&#8243;]<\/p>\n<p><span style=\"color: #0a76a9;\"><b>Zajmujemy si\u0119 : <\/b><\/span><\/p>\n<ul>\n<li>projektowaniem,<\/li>\n<li>doradztwem,<\/li>\n<li>organizacj\u0105 dedykowanych szkole\u0144,<\/li>\n<li>prowadzeniem audyt\u00f3w i projekt\u00f3w,<\/li>\n<li>dostarczaniem najnowszej technologii,<\/li>\n<li>dostarczaniem gotowych rozwi\u0105za\u0144,<\/li>\n<li>produkcj\u0105 oprogramowania na miar\u0119.<\/li>\n<\/ul>\n<p><span style=\"color: #0a76a9;\"><b>Posiadamy autoryzacje i do\u015bwiadczenie w rozwi\u0105zaniach:<\/b><\/span><\/p>\n<ul>\n<li>Red Hat<\/li>\n<li>IBM<\/li>\n<li>VMware by Broadcom<\/li>\n<li>Omnissa<\/li>\n<li>Citrix<\/li>\n<li>HPE<\/li>\n<li>Dell<\/li>\n<li>Open Source Software<\/li>\n<\/ul>\n<p>[\/et_pb_text][\/et_pb_column][\/et_pb_row][et_pb_row _builder_version=&#8221;4.16&#8243; background_size=&#8221;initial&#8221; background_position=&#8221;top_left&#8221; background_repeat=&#8221;repeat&#8221; global_colors_info=&#8221;{}&#8221;][et_pb_column type=&#8221;4_4&#8243; _builder_version=&#8221;4.16&#8243; custom_padding=&#8221;|||&#8221; global_colors_info=&#8221;{}&#8221; custom_padding__hover=&#8221;|||&#8221;][et_pb_image alt=&#8221;loga partnerow&#8221; title_text=&#8221;loga partnerow&#8221; show_bottom_space=&#8221;off&#8221; align_tablet=&#8221;center&#8221; align_phone=&#8221;&#8221; align_last_edited=&#8221;on|desktop&#8221; admin_label=&#8221;loga partnerow&#8221; _builder_version=&#8221;4.16&#8243; use_border_color=&#8221;off&#8221; border_color=&#8221;#ffffff&#8221; border_style=&#8221;solid&#8221; animation=&#8221;off&#8221; sticky=&#8221;on&#8221; always_center_on_mobile=&#8221;on&#8221; global_colors_info=&#8221;{}&#8221;][\/et_pb_image][\/et_pb_column][\/et_pb_row][\/et_pb_section]<\/p>\n","protected":false},"excerpt":{"rendered":"<p>Atom-tech dysponuje zespo\u0142em, kt\u00f3ry jest w stanie zrealizowa\u0107 najbardziej z\u0142o\u017cone projekty wymagaj\u0105ce zaawansowanej wiedzy i do\u015bwiadczenia. Cz\u0142onkowie zespo\u0142u brali udzia\u0142 w wielu wdro\u017ceniach i projektach prowadzonych w Polsce jak i poza jej granicami. Ich wysokie kwalifikacje potwierdzaj\u0105 autoryzacje i certyfikaty \u015bwiatowych lider\u00f3w bran\u017cy IT. Gwarantuje to Klientom wysoki poziom realizacji ich projekt\u00f3w. Atom-tech ka\u017cdy projekt [&hellip;]<\/p>\n","protected":false},"author":2,"featured_media":0,"parent":0,"menu_order":0,"comment_status":"open","ping_status":"closed","template":"","meta":{"_et_pb_use_builder":"on","_et_pb_old_content":"","_et_gb_content_width":"","footnotes":""},"class_list":["post-43","page","type-page","status-publish","hentry"],"_links":{"self":[{"href":"https:\/\/atom-tech.pl\/index.php\/wp-json\/wp\/v2\/pages\/43","targetHints":{"allow":["GET"]}}],"collection":[{"href":"https:\/\/atom-tech.pl\/index.php\/wp-json\/wp\/v2\/pages"}],"about":[{"href":"https:\/\/atom-tech.pl\/index.php\/wp-json\/wp\/v2\/types\/page"}],"author":[{"embeddable":true,"href":"https:\/\/atom-tech.pl\/index.php\/wp-json\/wp\/v2\/users\/2"}],"replies":[{"embeddable":true,"href":"https:\/\/atom-tech.pl\/index.php\/wp-json\/wp\/v2\/comments?post=43"}],"version-history":[{"count":0,"href":"https:\/\/atom-tech.pl\/index.php\/wp-json\/wp\/v2\/pages\/43\/revisions"}],"wp:attachment":[{"href":"https:\/\/atom-tech.pl\/index.php\/wp-json\/wp\/v2\/media?parent=43"}],"curies":[{"name":"wp","href":"https:\/\/api.w.org\/{rel}","templated":true}]}}