{"id":122,"date":"2015-05-08T20:01:59","date_gmt":"2015-05-08T18:01:59","guid":{"rendered":"http:\/\/serwer1383533.home.pl\/atom_wp\/?page_id=122"},"modified":"2025-03-13T16:56:06","modified_gmt":"2025-03-13T16:56:06","slug":"vmware","status":"publish","type":"page","link":"https:\/\/atom-tech.pl\/index.php\/vmware\/","title":{"rendered":"VMware"},"content":{"rendered":"<p>[et_pb_section fb_built=&#8221;1&#8243; fullwidth=&#8221;on&#8221; custom_padding_last_edited=&#8221;on|desktop&#8221; _builder_version=&#8221;4.16&#8243; background_color=&#8221;#0a76a9&#8243; background_image=&#8221;https:\/\/www.atom-tech.pl\/wp-content\/uploads\/2015\/05\/menu_subpage.jpg&#8221; custom_padding_tablet=&#8221;50px|0|50px|0&#8243; custom_padding_phone=&#8221;50px|0|50px|0&#8243; transparent_background=&#8221;off&#8221; padding_mobile=&#8221;off&#8221; make_fullwidth=&#8221;off&#8221; use_custom_width=&#8221;off&#8221; width_unit=&#8221;on&#8221; global_colors_info=&#8221;{}&#8221;][et_pb_fullwidth_header title=&#8221;VMware by Broadcom&#8221; subhead=&#8221;Rozbudowany pakiet sprawdzonych rozwi\u0105za\u0144 firmy VMware do wirtualizacji pozwala dzia\u0142om informatycznym &#8230;&#8221; content_max_width=&#8221;none&#8221; admin_label=&#8221;Fullwidth Header&#8221; _builder_version=&#8221;4.16&#8243; background_color=&#8221;rgba(255, 255, 255, 0)&#8221; global_colors_info=&#8221;{}&#8221; button_one_text_size__hover_enabled=&#8221;off&#8221; button_two_text_size__hover_enabled=&#8221;off&#8221; button_one_text_color__hover_enabled=&#8221;off&#8221; button_two_text_color__hover_enabled=&#8221;off&#8221; button_one_border_width__hover_enabled=&#8221;off&#8221; button_two_border_width__hover_enabled=&#8221;off&#8221; button_one_border_color__hover_enabled=&#8221;off&#8221; button_two_border_color__hover_enabled=&#8221;off&#8221; button_one_border_radius__hover_enabled=&#8221;off&#8221; button_two_border_radius__hover_enabled=&#8221;off&#8221; button_one_letter_spacing__hover_enabled=&#8221;off&#8221; button_two_letter_spacing__hover_enabled=&#8221;off&#8221; button_one_bg_color__hover_enabled=&#8221;off&#8221; button_two_bg_color__hover_enabled=&#8221;off&#8221;][\/et_pb_fullwidth_header][\/et_pb_section][et_pb_section fb_built=&#8221;1&#8243; _builder_version=&#8221;4.16&#8243; global_colors_info=&#8221;{}&#8221;][et_pb_row column_structure=&#8221;1_3,2_3&#8243; _builder_version=&#8221;4.16&#8243; background_size=&#8221;initial&#8221; background_position=&#8221;top_left&#8221; background_repeat=&#8221;repeat&#8221; global_colors_info=&#8221;{}&#8221;][et_pb_column type=&#8221;1_3&#8243; _builder_version=&#8221;4.16&#8243; custom_padding=&#8221;|||&#8221; global_colors_info=&#8221;{}&#8221; custom_padding__hover=&#8221;|||&#8221;][et_pb_text admin_label=&#8221;Tekst&#8221; _builder_version=&#8221;4.16&#8243; background_size=&#8221;initial&#8221; background_position=&#8221;top_left&#8221; background_repeat=&#8221;repeat&#8221; global_colors_info=&#8221;{}&#8221;]<\/p>\n<h1><strong><span style=\"color: #0a76a9;\">Rozbudowany pakiet sprawdzonych rozwi\u0105za\u0144 VMware by Broadcom do wirtualizacji pozwala dzia\u0142om informatycznym zoptymalizowa\u0107 wykorzystanie infrastruktury IT.<\/span><\/strong><\/h1>\n<p>[\/et_pb_text][\/et_pb_column][et_pb_column type=&#8221;2_3&#8243; _builder_version=&#8221;4.16&#8243; custom_padding=&#8221;|||&#8221; global_colors_info=&#8221;{}&#8221; custom_padding__hover=&#8221;|||&#8221;][et_pb_text admin_label=&#8221;Tekst&#8221; _builder_version=&#8221;4.16&#8243; background_size=&#8221;initial&#8221; background_position=&#8221;top_left&#8221; background_repeat=&#8221;repeat&#8221; global_colors_info=&#8221;{}&#8221;]<\/p>\n<p><b>Atom-tech<\/b> oferuje Pa\u0144stwu pe\u0142n\u0105 obs\u0142ug\u0119 zwi\u0105zan\u0105 z produktami i technologiami firmy <strong>Broadcom<\/strong>, poczynaj\u0105c od doboru najlepszego rozwi\u0105zania, poprzez sprzeda\u017c licencji, wdro\u017cenie i szkolenia, na wsparciu technicznym ko\u0144cz\u0105c.<\/p>\n<p>Firma <b>Broadcom<\/b> oferuje szeroki zakres produkt\u00f3w do wirtualizacji, od bezp\u0142atnego oprogramowania do wirtualizacji komputer\u00f3w biurowych i serwer\u00f3w po kompleksowe platformy dla przedsi\u0119biorstw umo\u017cliwiaj\u0105ce optymalizacj\u0119 centrum przetwarzania danych i infrastruktury informatycznej.<\/p>\n<p>Rozbudowany pakiet sprawdzonych rozwi\u0105za\u0144 <strong>VMware<\/strong> do wirtualizacji pozwala dzia\u0142om informatycznym wyeliminowa\u0107 wiele z\u0142o\u017conych problem\u00f3w w nast\u0119puj\u0105cych dziedzinach:<\/p>\n<ul>\n<li>Konsolidacja serwer\u00f3w i optymalizacja infrastruktury,<\/li>\n<li>Ci\u0105g\u0142o\u015b\u0107 biznesowa,<\/li>\n<li>Automatyzacja laboratorium wirtualnego,<\/li>\n<li>Zarz\u0105dzanie komputerami biurowymi w przedsi\u0119biorstwie.<\/li>\n<\/ul>\n<p>[\/et_pb_text][\/et_pb_column][\/et_pb_row][et_pb_row _builder_version=&#8221;4.16&#8243; background_size=&#8221;initial&#8221; background_position=&#8221;top_left&#8221; background_repeat=&#8221;repeat&#8221; global_colors_info=&#8221;{}&#8221;][et_pb_column type=&#8221;4_4&#8243; _builder_version=&#8221;4.16&#8243; custom_padding=&#8221;|||&#8221; global_colors_info=&#8221;{}&#8221; custom_padding__hover=&#8221;|||&#8221;][et_pb_text admin_label=&#8221;Tekst&#8221; _builder_version=&#8221;4.27.4&#8243; background_size=&#8221;initial&#8221; background_position=&#8221;top_left&#8221; background_repeat=&#8221;repeat&#8221; global_colors_info=&#8221;{}&#8221;]<\/p>\n<p>Atom-tech jako partner firmy Bradcom zapewnia wsparcie dla nast\u0119puj\u0105cych produkt\u00f3w:<\/p>\n<p>[\/et_pb_text][\/et_pb_column][\/et_pb_row][et_pb_row _builder_version=&#8221;4.16&#8243; background_size=&#8221;initial&#8221; background_position=&#8221;top_left&#8221; background_repeat=&#8221;repeat&#8221; global_colors_info=&#8221;{}&#8221;][et_pb_column type=&#8221;4_4&#8243; _builder_version=&#8221;4.16&#8243; custom_padding=&#8221;|||&#8221; global_colors_info=&#8221;{}&#8221; custom_padding__hover=&#8221;|||&#8221;][et_pb_accordion admin_label=&#8221;Harmonijka VMware&#8221; _builder_version=&#8221;4.16&#8243; body_line_height=&#8221;2em&#8221; use_border_color=&#8221;off&#8221; border_color=&#8221;#ffffff&#8221; border_style=&#8221;solid&#8221; global_colors_info=&#8221;{}&#8221;][et_pb_accordion_item title=&#8221;VMware vSphere&#8221; open=&#8221;off&#8221; _builder_version=&#8221;4.16&#8243; global_colors_info=&#8221;{}&#8221;]<\/p>\n<p>VMware vSphere jest kompleksowym rozwi\u0105zaniem do wirtualizacji i konsolidacji serwer\u00f3w. Produkt sprawdza si\u0119 jako doskona\u0142e narz\u0119dzie dla ca\u0142ej infrastruktury sieciowej oraz chmury obliczeniowej. Kompletny zestaw oprogramowania pozwala na pe\u0142ne wykorzystanie zalet wirtualizacji, uzupe\u0142nione o funkcje zarz\u0105dzania oraz zaawansowanych technik bezpiecze\u0144stwa. Ochrona danych pozwala na szybkie wykrywanie ryzyka (wyszukuje braki zabezpiecze\u0144 danych), pozwala izolowa\u0107 informacje oraz przenosi\u0107 regu\u0142y bezpiecze\u0144stwa.<br \/>VMware vSphere pozwala na wirtualizacj\u0119 nie tylko serwer\u00f3w, ale tak\u017ce pami\u0119ci masowych oraz urz\u0105dze\u0144 sieciowych. Produkt dzieli serwer fizyczny na wiele, dzia\u0142aj\u0105cych r\u00f3wnolegle serwer\u00f3w wirtualnych (co daje mo\u017cliwo\u015b\u0107 uruchomienia na jednej maszynie fizycznej wielu system\u00f3w operacyjnych, jak Windows, Linux, czy NetWare). Technologia pozwala na konsolidacj\u0119 i centralizacj\u0119 zarz\u0105dzania, pozwala na dost\u0119pno\u015b\u0107 i migracj\u0119 danych w czasie rzeczywistym (bez przerw w ci\u0105g\u0142o\u015bci).<br \/>VMware vSphere jest obecnie najpe\u0142niejsz\u0105 na rynku, platform\u0105 dedykowan\u0105 do budowy \u015brodowiska wirtualnego oferuj\u0105ca zar\u00f3wno infrastruktur\u0119 jak i us\u0142ugi aplikacyjne, kt\u00f3re pozwalaj\u0105 przekszta\u0142ci\u0107 technologie informatyczne i&nbsp;oferowa\u0107 je w&nbsp;postaci us\u0142ug.<br \/>W ramach pakiet\u00f3w oferujemy:<\/p>\n<ul>\n<li>Rozwi\u0105zania przeznaczone dla ma\u0142ych i \u015brednich przedsi\u0119biorstw.<br \/><strong>VMware vSphere Essentials Kit<\/strong>&nbsp;&#8211; pakiet zaprojektowanyz my\u015bl\u0105 o wirtualizacji niewielkich \u015brodowisk fizycznych . Oferuje rozwi\u0105zania klasy korporacyjnej \u2013 zintegrowane zarz\u0105dzanie \u015brodowiskiem wirtualnym.<\/li>\n<li><strong>VMware vSphere Essentials Plus Kit<\/strong>&nbsp;\u2013 rozbudowany pakiet vSphere Essentials o narzedzia wyskokiej dostepno\u015bci (HA), zdolno\u015b\u0107 odtwarzania (VDP) i migracji danych przy r\u00f3wnoczesnym zachowaniu ciag\u0142o\u015bci pracy (vMotion).<\/li>\n<\/ul>\n<p>&nbsp;<\/p>\n<p>Produkty VMware vSphere Acceleration Kit przeznaczone s\u0105 dla przedsi\u0119biorstw kt\u00f3re chc\u0105 zwirtualizowa\u0107 ponad 20 fizycznych serwer\u00f3w.<\/p>\n<ul>\n<li><strong>VMware vSphere Standard Acceleration Kit<\/strong>&nbsp;\u2013 narz\u0119dzia podstawowej konsolidacji do maksymalnie 35 serwer\u00f3w fizycznych, posiada mechanizmy&nbsp;wysokiej dostepno\u015bci (HA), zdolno\u015b\u0107 odtwarzania i migracji danych przy r\u00f3wnoczesnym zachowaniu ciag\u0142o\u015bci pracy (vMotion).<\/li>\n<li><strong>VMware vSphere Enterprise Acceleration Kit&nbsp;<\/strong>\u2013 konsolidacja do 100 fizycznych serwer\u00f3w, pakiet rozszerzony o narz\u0119dzia automatyzacji alokacji posiadanych zasob\u00f3w \u2013 pomagaj\u0105ce w r\u00f3wnowa\u017ceniu obci\u0105\u017ce\u0144, zarz\u0105dzanie zasilaniem czy migracji pami\u0119ci masowej (vStorage vMotion).<\/li>\n<li><strong>VMware vSphere Enterprise Plus Acceleration Kit<\/strong>&nbsp;\u2013 dodatkowe operacje sieciowe oraz gotowe szablony konfiguracji host\u00f3w.<\/li>\n<\/ul>\n<p>[\/et_pb_accordion_item][et_pb_accordion_item title=&#8221;VMware vSphere with Operations Management (vSOM) \u2013 automatyczne zarz\u0105dzanie operacjami&#8221; _builder_version=&#8221;4.16&#8243; global_colors_info=&#8221;{}&#8221; open=&#8221;off&#8221;]<\/p>\n<p>VMware vSphere with Operations Management jest rozwi\u0105zaniem zapewniaj\u0105cym funkcj\u0119 wirtualizacji z w pe\u0142ni zautomatyzowanym zarz\u0105dzaniem operacjami. Technologia pozwala na ca\u0142o\u015bciowe monitorowanie proces\u00f3w, ich wydajno\u015bci i jako\u015bci. Pozwala na wgl\u0105d do szczeg\u00f3\u0142owych informacji dotycz\u0105cych vSphere, takich jak dane dotycz\u0105ce nieu\u017cywanej przestrzeni&nbsp; czy ilo\u015bci wirtualnych maszyn, pozwalaj\u0105c administratorom na zoptymalizowanie proces\u00f3w i wykorzystanie mo\u017cliwo\u015bci platformy wirtualizacji (takich jak konsolidacja czy wykorzystanie zasob\u00f3w dost\u0119pnych maszyn).<br \/>vSOM poprawia wydajno\u015b\u0107 aplikacji, ograniczaj\u0105c koszty i upraszczaj\u0105c zarz\u0105dzanie ci\u0105g\u0142o\u015bci\u0105 organizacyjn\u0105. Zwi\u0119ksza przy tym bezpiecze\u0144stwo danych, chroni\u0105c przed przestojami i utrat\u0105 danych, za\u015b dost\u0119pno\u015b\u0107 funkcji u\u0142atwia powroty po awarii. Uproszczone zarz\u0105dzanie us\u0142ugami IT wp\u0142ywa pozytywnie na kontrol\u0119 jako\u015bci i obs\u0142ugi. Operation Management zbiera i analizuje wszelkie dane dotycz\u0105ce wydajno\u015bci, alarmuje o zmianach oraz ustala ich przyczyny. Pozwala to na pe\u0142n\u0105 optymalizacj\u0119 pojemno\u015bci, dopasowuj\u0105c przydzia\u0142y do poziomu najefektywniejszego wykorzystania.<br \/>vSphere with Operations Management skraca czas przestoj\u00f3w aplikacji, pozwala na dok\u0142adn\u0105 diagnostyk\u0119 i rozwi\u0105zanie problem\u00f3w, dokonuje konsolidacji oraz usprawnia stopie\u0144&nbsp; wykorzystania zasob\u00f3w, generuj\u0105c tym samym oszcz\u0119dno\u015bci.<\/p>\n<p>[\/et_pb_accordion_item][et_pb_accordion_item title=&#8221;VMware Cloud Foundation Operations &#8221; _builder_version=&#8221;4.16&#8243; global_colors_info=&#8221;{}&#8221; open=&#8221;on&#8221;]<\/p>\n<p><strong>VMware Cloud Foundation Operations<\/strong> zapewnia organizacjom dost\u0119p do sp\u00f3jnej platformy zarz\u0105dzania podczas przej\u015bcia z pracy w prywatnym \u015brodowisku chmury do wdro\u017ce\u0144 technologii dla chmury hybrydowej. Funkcja Intelligent Workload Placement umo\u017cliwia u\u017cytkownikom\u00a0 dopasowywanie obci\u0105\u017ce\u0144 do konkretnych potrzeb biznesowych i IT klient\u00f3w, oferuje r\u00f3wnie\u017c rekomendacje dotycz\u0105ce najlepszej lokalizacji. Funkcja Proactive Rebalancing umo\u017cliwia klientom ci\u0105g\u0142e dostosowywanie si\u0119 do tych potrzeb. System operacyjny i narz\u0119dzie do monitoringu aplikacji s\u0105 dost\u0119pne jako rozwi\u0105zania natywne w ramach VMware Cloud Foundation Operations, natomiast prognostyczne funkcje analityczne pomagaj\u0105 zespo\u0142om IT proaktywnie rozpoznawa\u0107 potencjalne problemy w stosach infrastruktury i aplikacji oraz zapobiega\u0107 im przy wsparciu jednolitego, samodzielnie ucz\u0105cego si\u0119 rozwi\u0105zania s\u0142u\u017c\u0105cego do zarz\u0105dzania. VMware Cloud Foundation Operations wspiera platformy chmurowe AWS, Azure oraz Google<\/p>\n<p>[\/et_pb_accordion_item][et_pb_accordion_item title=&#8221;vRealize Log Insight &#8221; _builder_version=&#8221;4.16&#8243; global_colors_info=&#8221;{}&#8221; open=&#8221;off&#8221;]<\/p>\n<p><strong>vRealize Log Insight<\/strong> \u2013 funkcje rozwi\u0105zania vRealize Log Insight umo\u017cliwiaj\u0105 mi\u0119dzy innymi podwojenie liczebno\u015bci i wydajno\u015bci operacji do 15 tysi\u0119cy komunikat\u00f3w na sekund\u0119, zwi\u0119kszenie odporno\u015bci na b\u0142\u0119dy w klastrach, ulepszenie funkcji analitycznych poprzez dodanie nowych wykres\u00f3w i snapshot\u00f3w stanu systemu, lepsz\u0105 integracj\u0119 z rozwi\u0105zaniem vRealize Operations, a tak\u017ce sprawniejsz\u0105 realizacj\u0119 zapyta\u0144 Big Data.<\/p>\n<p>[\/et_pb_accordion_item][et_pb_accordion_item title=&#8221;VMware NSX &#8221; _builder_version=&#8221;4.16&#8243; global_colors_info=&#8221;{}&#8221; open=&#8221;off&#8221;]<\/p>\n<p>VMware NSX to rozwi\u0105zanie wirtualizacji sieci, a jednocze\u015bnie platforma bezpiecze\u0144stwa dedykowana do zastosowa\u0144 w centrach danych. Pozwala ono wirtualizowa\u0107 funkcjonalno\u015bci typowych urz\u0105dze\u0144 sieciowych. Nale\u017c\u0105 do nich zapory ogniowe, prze\u0142\u0105czniki, routery, narz\u0119dzia do balansowania ruchem, systemy bezpiecze\u0144stwa. Narz\u0119dzie odwzorowuje kompletny model sieciowy OSI\/ISO w warstwach L2-L7.<br \/>VMware NSX pracuje ponad fizyczn\u0105 infrastruktur\u0105 sieciow\u0105. Pozwala administratorom na zarz\u0105dzanie wirtualnymi funkcjonalno\u015bciami sieciowymi z poziomu konsoli, bez dotykania kabli czy fizycznych urz\u0105dze\u0144. NSX dostarcza us\u0142ugi sieciowe, ale samodzielnie nie zapewnia \u0142\u0105czno\u015bci z sieci\u0105 fizyczn\u0105. Nadal potrzebne b\u0119dzie fizyczne po\u0142\u0105czenie hypervisora z sieci\u0105. Infrastruktura fizyczna, kt\u00f3ra jest wymagana przestaje by\u0107 tak skomplikowana jak niegdy\u015b.<\/p>\n<p>Korzystaj\u0105c z NSX w standardzie otrzymujemy podstawowe funkcjonalno\u015bci:<br \/>&#8211; prze\u0142\u0105cznik logiczny pracuj\u0105cy w warstwie L2\/L3,<br \/>&#8211; ruter logiczny trasuj\u0105cy pomi\u0119dzy wirtualnymi sieciami,<br \/>&#8211; NSX API \u2013 interfejs pozwalaj\u0105c na integracj\u0119 z dowoln\u0105 platform\u0105 zarz\u0105dzania chmur\u0105.<br \/>Dodatkowe, zaawansowane logiczne us\u0142ugi sieciowe oferowane przez NSX to m.in.:<br \/>&#8211; logiczna zapora sieciowa \u2013 rozproszona i wydajna zintegrowana zapora sieciowa pracuj\u0105ca na poziomie j\u0105dra systemu,<br \/>&#8211; logiczny Load Balancer \u2013 aplikacja rozk\u0142adaj\u0105ca obci\u0105\u017cenia generowane przez ruch sieciowy,<br \/>&#8211; logiczny VPN \u2013 obs\u0142uguje bezpieczne po\u0142\u0105czenia zdalne w postaci punkt-punkt oraz zdalny dost\u0119p.<br \/>Uzupe\u0142nieniem mog\u0105 by\u0107 systemy bezpiecze\u0144stwa (IPS, IDS) oraz sieciowe, dostarczane przez niezale\u017cne firmy, kt\u00f3re maj\u0105 status partner\u00f3w rozszerzaj\u0105cych funkcje rozwi\u0105zania VMware NSX.<br \/>Podobnie jak w przypadku wirtualizacji serwer\u00f3w, wirtualizacja sieci oznacza znacznie szybsz\u0105, efektywniejsz\u0105 i ta\u0144sz\u0105 opcj\u0119, ni\u017c zastosowanie dedykowanego sprz\u0119tu. Je\u017celi chcieliby\u015bmy uruchomi\u0107 skomplikowan\u0105 struktur\u0119 sprz\u0119tow\u0105 do zastosowa\u0144 sieciowych, wdro\u017cenie niezb\u0119dnego sprz\u0119tu b\u0119dzie wymaga\u0142o czasu i \u015brodk\u00f3w finansowych. Konfiguracja z wykorzystaniem CLI mo\u017ce zaj\u0105\u0107 dodatkowy czas. W przypadku VMware NSX zbudowanie wirtualnej, nawet wielopoziomowej topologii sieci przez wykwalifikowanego in\u017cyniera, zajmie kilka minut. Wiele opcji konfiguracyjnych jest automatyzowanych, co dodatkowo przyspiesza prace zwi\u0105zane z konfiguracj\u0105 systemu. Dodatkowo, tak utworzon\u0105 wirtualn\u0105 struktur\u0119 sieciow\u0105 mo\u017cemy powi\u0105za\u0107 z istniej\u0105c\u0105 sieci\u0105 sprz\u0119tow\u0105. Niew\u0105tpliw\u0105 zalet\u0105 NSX jest wysoka skalowalno\u015b\u0107 i praktycznie niegraniczone mo\u017cliwo\u015bci rozbudowy wirtualnej sieci. W zakresie bezpiecze\u0144stwa NSX oferuje API umo\u017cliwiaj\u0105ce integracj\u0119 z innymi produktami sieciowymi oraz rozwi\u0105zaniami bezpiecze\u0144stwa.<\/p>\n<p>[\/et_pb_accordion_item][\/et_pb_accordion][\/et_pb_column][\/et_pb_row][et_pb_row _builder_version=&#8221;4.16&#8243; background_size=&#8221;initial&#8221; background_position=&#8221;top_left&#8221; background_repeat=&#8221;repeat&#8221; global_colors_info=&#8221;{}&#8221;][et_pb_column type=&#8221;4_4&#8243; _builder_version=&#8221;4.16&#8243; custom_padding=&#8221;|||&#8221; global_colors_info=&#8221;{}&#8221; custom_padding__hover=&#8221;|||&#8221;][et_pb_image alt=&#8221;loga partnerow&#8221; title_text=&#8221;loga partnerow&#8221; show_bottom_space=&#8221;off&#8221; align_tablet=&#8221;center&#8221; align_phone=&#8221;center&#8221; align_last_edited=&#8221;on|desktop&#8221; admin_label=&#8221;loga partnerow&#8221; _builder_version=&#8221;4.27.4&#8243; use_border_color=&#8221;off&#8221; border_color=&#8221;#ffffff&#8221; border_style=&#8221;solid&#8221; animation=&#8221;off&#8221; sticky=&#8221;on&#8221; always_center_on_mobile=&#8221;on&#8221; global_colors_info=&#8221;{}&#8221;][\/et_pb_image][\/et_pb_column][\/et_pb_row][\/et_pb_section]<\/p>\n","protected":false},"excerpt":{"rendered":"<p>Rozbudowany pakiet sprawdzonych rozwi\u0105za\u0144 VMware by Broadcom do wirtualizacji pozwala dzia\u0142om informatycznym zoptymalizowa\u0107 wykorzystanie infrastruktury IT.Atom-tech oferuje Pa\u0144stwu pe\u0142n\u0105 obs\u0142ug\u0119 zwi\u0105zan\u0105 z produktami i technologiami firmy Broadcom, poczynaj\u0105c od doboru najlepszego rozwi\u0105zania, poprzez sprzeda\u017c licencji, wdro\u017cenie i szkolenia, na wsparciu technicznym ko\u0144cz\u0105c. Firma Broadcom oferuje szeroki zakres produkt\u00f3w do wirtualizacji, od bezp\u0142atnego oprogramowania do wirtualizacji [&hellip;]<\/p>\n","protected":false},"author":2,"featured_media":0,"parent":0,"menu_order":0,"comment_status":"open","ping_status":"closed","template":"","meta":{"_et_pb_use_builder":"on","_et_pb_old_content":"","_et_gb_content_width":"","footnotes":""},"class_list":["post-122","page","type-page","status-publish","hentry"],"_links":{"self":[{"href":"https:\/\/atom-tech.pl\/index.php\/wp-json\/wp\/v2\/pages\/122","targetHints":{"allow":["GET"]}}],"collection":[{"href":"https:\/\/atom-tech.pl\/index.php\/wp-json\/wp\/v2\/pages"}],"about":[{"href":"https:\/\/atom-tech.pl\/index.php\/wp-json\/wp\/v2\/types\/page"}],"author":[{"embeddable":true,"href":"https:\/\/atom-tech.pl\/index.php\/wp-json\/wp\/v2\/users\/2"}],"replies":[{"embeddable":true,"href":"https:\/\/atom-tech.pl\/index.php\/wp-json\/wp\/v2\/comments?post=122"}],"version-history":[{"count":5,"href":"https:\/\/atom-tech.pl\/index.php\/wp-json\/wp\/v2\/pages\/122\/revisions"}],"predecessor-version":[{"id":6657,"href":"https:\/\/atom-tech.pl\/index.php\/wp-json\/wp\/v2\/pages\/122\/revisions\/6657"}],"wp:attachment":[{"href":"https:\/\/atom-tech.pl\/index.php\/wp-json\/wp\/v2\/media?parent=122"}],"curies":[{"name":"wp","href":"https:\/\/api.w.org\/{rel}","templated":true}]}}