{"id":107,"date":"2015-05-08T19:56:42","date_gmt":"2015-05-08T17:56:42","guid":{"rendered":"http:\/\/serwer1383533.home.pl\/atom_wp\/?page_id=107"},"modified":"2015-05-08T19:56:42","modified_gmt":"2015-05-08T17:56:42","slug":"zarzadzanie-tozsamoscia","status":"publish","type":"page","link":"https:\/\/atom-tech.pl\/index.php\/zarzadzanie-tozsamoscia\/","title":{"rendered":"Zarz\u0105dzanie to\u017csamo\u015bci\u0105"},"content":{"rendered":"<p>[et_pb_section fb_built=&#8221;1&#8243; fullwidth=&#8221;on&#8221; custom_padding_last_edited=&#8221;on|desktop&#8221; _builder_version=&#8221;4.16&#8243; background_color=&#8221;#116ebf&#8221; background_image=&#8221;https:\/\/www.atom-tech.pl\/wp-content\/uploads\/2015\/05\/menu_subpage.jpg&#8221; custom_padding_tablet=&#8221;50px|0|50px|0&#8243; custom_padding_phone=&#8221;50px|0|50px|0&#8243; transparent_background=&#8221;off&#8221; padding_mobile=&#8221;off&#8221; make_fullwidth=&#8221;off&#8221; use_custom_width=&#8221;off&#8221; width_unit=&#8221;on&#8221; global_colors_info=&#8221;{}&#8221;][et_pb_fullwidth_header title=&#8221;Zarz\u0105dzanie to\u017csamo\u015bci\u0105&#8221; subhead=&#8221;Proponujemy rozwi\u0105zania zarz\u0105dzania to\u017csamo\u015bci\u0105 oparte o najlepsze produkty na rynku.&#8221; content_max_width=&#8221;none&#8221; admin_label=&#8221;Fullwidth Header&#8221; _builder_version=&#8221;4.16&#8243; background_color=&#8221;rgba(255, 255, 255, 0)&#8221; global_colors_info=&#8221;{}&#8221; button_one_text_size__hover_enabled=&#8221;off&#8221; button_two_text_size__hover_enabled=&#8221;off&#8221; button_one_text_color__hover_enabled=&#8221;off&#8221; button_two_text_color__hover_enabled=&#8221;off&#8221; button_one_border_width__hover_enabled=&#8221;off&#8221; button_two_border_width__hover_enabled=&#8221;off&#8221; button_one_border_color__hover_enabled=&#8221;off&#8221; button_two_border_color__hover_enabled=&#8221;off&#8221; button_one_border_radius__hover_enabled=&#8221;off&#8221; button_two_border_radius__hover_enabled=&#8221;off&#8221; button_one_letter_spacing__hover_enabled=&#8221;off&#8221; button_two_letter_spacing__hover_enabled=&#8221;off&#8221; button_one_bg_color__hover_enabled=&#8221;off&#8221; button_two_bg_color__hover_enabled=&#8221;off&#8221;][\/et_pb_fullwidth_header][\/et_pb_section][et_pb_section fb_built=&#8221;1&#8243; _builder_version=&#8221;4.16&#8243; global_colors_info=&#8221;{}&#8221;][et_pb_row column_structure=&#8221;1_3,2_3&#8243; _builder_version=&#8221;4.16&#8243; background_size=&#8221;initial&#8221; background_position=&#8221;top_left&#8221; background_repeat=&#8221;repeat&#8221; global_colors_info=&#8221;{}&#8221;][et_pb_column type=&#8221;1_3&#8243; _builder_version=&#8221;4.16&#8243; custom_padding=&#8221;|||&#8221; global_colors_info=&#8221;{}&#8221; custom_padding__hover=&#8221;|||&#8221;][et_pb_text admin_label=&#8221;Tekst&#8221; _builder_version=&#8221;4.16&#8243; background_size=&#8221;initial&#8221; background_position=&#8221;top_left&#8221; background_repeat=&#8221;repeat&#8221; global_colors_info=&#8221;{}&#8221;]<\/p>\n<h1><strong><span style=\"color: #0a76a9;\">Wdro\u017cenie modelu IDA\u00a0umo\u017cliwia zarz\u0105dzanie to\u017csamo\u015bci\u0105 i dost\u0119pem do zasob\u00f3w dla u\u017cytkownik\u00f3w przedsi\u0119biorstwa od momentu zatrudnienia pracownika w firmie.<\/span><\/strong><\/h1>\n<p>[\/et_pb_text][\/et_pb_column][et_pb_column type=&#8221;2_3&#8243; _builder_version=&#8221;4.16&#8243; custom_padding=&#8221;|||&#8221; global_colors_info=&#8221;{}&#8221; custom_padding__hover=&#8221;|||&#8221;][et_pb_text admin_label=&#8221;Tekst&#8221; _builder_version=&#8221;4.17.6&#8243; background_size=&#8221;initial&#8221; background_position=&#8221;top_left&#8221; background_repeat=&#8221;repeat&#8221; use_border_color=&#8221;off&#8221; border_color=&#8221;#ffffff&#8221; border_style=&#8221;solid&#8221; global_colors_info=&#8221;{}&#8221;]<\/p>\n<p>Wdro\u017cenie modelu IDA (Identity &amp; Access Management) umo\u017cliwia zarz\u0105dzanie to\u017csamo\u015bci\u0105 i dost\u0119pem do zasob\u00f3w dla u\u017cytkownik\u00f3w przedsi\u0119biorstwa od momentu zatrudnienia pracownika w firmie.<\/p>\n<p>Pozwala na przydzielanie pracownikom odpowiednich zasob\u00f3w oraz dost\u0119pu do system\u00f3w i zarz\u0105dzanie ich to\u017csamo\u015bci\u0105 a\u017c do opuszczenia przez nich organizacji.<\/p>\n<p>Dodatkowo, gdy pracownik odejdzie ju\u017c z organizacji, wszystkie zwi\u0105zane z nim konta mog\u0105 by\u0107 usuni\u0119te automatycznie. Zapobiega to powstawaniu luk w systemie bezpiecze\u0144stwa, tworzonych przez zapomniane konta zwolnionych ju\u017c pracownik\u00f3w.<\/p>\n<p><b>System do zarz\u0105dzania to\u017csamo\u015bci\u0105 ma m.in. nast\u0119puj\u0105ce zadania:<\/b><\/p>\n<ul>\n<li>konsolidowa\u0107 dane o pracownikach z wielu \u017ar\u00f3de\u0142 do postaci pojedynczego obiektu, centralnie przechowywanego,<\/li>\n<li>prezentowa\u0107 skonsolidowany widok na najwa\u017cniejsze informacje dotycz\u0105ce u\u017cytkownika systemu,<\/li>\n<li>usuwa\u0107 dane zdublowane,<\/li>\n<li>umo\u017cliwia\u0107 automatyczne tworzenie kont u\u017cytkownik\u00f3w w po\u0142\u0105czonych \u017ar\u00f3d\u0142ach danych oraz zarz\u0105dza\u0107 nimi,<\/li>\n<li>wspiera\u0107 proces usuwania\/blokowania kont u\u017cytkownik\u00f3w.<\/li>\n<\/ul>\n<p>Proponujemy Pa\u0144stwu rozwi\u0105zania zarz\u0105dzania to\u017csamo\u015bci\u0105 oparte o najlepsze produkty <b>IBM, RedHat, oraz dost\u0119pne na zasadzie Open Source<\/b>.<\/p>\n<p>[\/et_pb_text][\/et_pb_column][\/et_pb_row][et_pb_row _builder_version=&#8221;4.16&#8243; background_size=&#8221;initial&#8221; background_position=&#8221;top_left&#8221; background_repeat=&#8221;repeat&#8221; global_colors_info=&#8221;{}&#8221;][et_pb_column type=&#8221;4_4&#8243; _builder_version=&#8221;4.16&#8243; custom_padding=&#8221;|||&#8221; global_colors_info=&#8221;{}&#8221; custom_padding__hover=&#8221;|||&#8221;][et_pb_image alt=&#8221;loga partnerow&#8221; title_text=&#8221;loga partnerow&#8221; show_bottom_space=&#8221;off&#8221; align_tablet=&#8221;center&#8221; align_phone=&#8221;center&#8221; align_last_edited=&#8221;on|desktop&#8221; admin_label=&#8221;loga partnerow&#8221; _builder_version=&#8221;4.17.6&#8243; use_border_color=&#8221;off&#8221; border_color=&#8221;#ffffff&#8221; border_style=&#8221;solid&#8221; animation=&#8221;off&#8221; sticky=&#8221;on&#8221; always_center_on_mobile=&#8221;on&#8221; global_colors_info=&#8221;{}&#8221;][\/et_pb_image][\/et_pb_column][\/et_pb_row][\/et_pb_section]<\/p>\n","protected":false},"excerpt":{"rendered":"<p>Wdro\u017cenie modelu IDA\u00a0umo\u017cliwia zarz\u0105dzanie to\u017csamo\u015bci\u0105 i dost\u0119pem do zasob\u00f3w dla u\u017cytkownik\u00f3w przedsi\u0119biorstwa od momentu zatrudnienia pracownika w firmie. Wdro\u017cenie modelu IDA (Identity &amp; Access Management) umo\u017cliwia zarz\u0105dzanie to\u017csamo\u015bci\u0105 i dost\u0119pem do zasob\u00f3w dla u\u017cytkownik\u00f3w przedsi\u0119biorstwa od momentu zatrudnienia pracownika w firmie. Pozwala na przydzielanie pracownikom odpowiednich zasob\u00f3w oraz dost\u0119pu do system\u00f3w i zarz\u0105dzanie ich to\u017csamo\u015bci\u0105 [&hellip;]<\/p>\n","protected":false},"author":2,"featured_media":0,"parent":0,"menu_order":0,"comment_status":"open","ping_status":"closed","template":"","meta":{"_et_pb_use_builder":"on","_et_pb_old_content":"","_et_gb_content_width":"","footnotes":""},"class_list":["post-107","page","type-page","status-publish","hentry"],"_links":{"self":[{"href":"https:\/\/atom-tech.pl\/index.php\/wp-json\/wp\/v2\/pages\/107","targetHints":{"allow":["GET"]}}],"collection":[{"href":"https:\/\/atom-tech.pl\/index.php\/wp-json\/wp\/v2\/pages"}],"about":[{"href":"https:\/\/atom-tech.pl\/index.php\/wp-json\/wp\/v2\/types\/page"}],"author":[{"embeddable":true,"href":"https:\/\/atom-tech.pl\/index.php\/wp-json\/wp\/v2\/users\/2"}],"replies":[{"embeddable":true,"href":"https:\/\/atom-tech.pl\/index.php\/wp-json\/wp\/v2\/comments?post=107"}],"version-history":[{"count":0,"href":"https:\/\/atom-tech.pl\/index.php\/wp-json\/wp\/v2\/pages\/107\/revisions"}],"wp:attachment":[{"href":"https:\/\/atom-tech.pl\/index.php\/wp-json\/wp\/v2\/media?parent=107"}],"curies":[{"name":"wp","href":"https:\/\/api.w.org\/{rel}","templated":true}]}}